 List the prime factors of x.
2, 19, 37
Suppose 11*u - 7*u + 252 = 0. Let k = u + 114. What are the prime factors of k?
3, 17
Suppose 10*b - 650 = 5*b. Suppose z - b = 22. Suppose 2*u = 4*s - z, 0 = -5*s - u - 2*u + 168. What are the prime factors of s?
2, 3
Let w(d) = -d**2 - d + 1. Let f be w(5). Let g = 48 + f. What are the prime factors of g?
19
Let a be (-4695)/(-6) + 6/(-4). Suppose 6 = -5*y + 1, -4*s = 3*y - a. What are the prime factors of s?
2, 7
Suppose -14 - 16 = -3*v. Let k = v - 9. List the prime factors of (0 - -1)*(13 + k).
2, 7
Let d(n) = -n**3 + 3*n**2 + 1. Let z(l) = l - 3. Let i be z(6). Let j be d(i). What are the prime factors of -6*j/2 + 13?
2, 5
Let r = -472 - -912. List the prime factors of r.
2, 5, 11
Let s = -5313 - -7630. List the prime factors of s.
7, 331
What are the prime factors of ((-1382)/(-4))/((-54)/(-108))?
691
Let a be ((-67)/(-2) - -1)/((-3)/6). Let j = 107 + a. What are the prime factors of j?
2, 19
Let k = -859 - -1575. What are the prime factors of k?
2, 179
What are the prime factors of (4 - (4 + -8)) + 488?
2, 31
Let q be (-12 - -12)*2/(-6). Suppose -3*w - 2*m = -2*w - 118, -4*w + 2*m + 422 = q. List the prime factors of w.
2, 3
Let a(q) = -4*q**3 - 15*q**2 + 2*q - 3. Let n(z) = 2*z**3 + 8*z**2 - z + 1. Let h(i) = -3*a(i) - 7*n(i). List the prime factors of h(-6).
2
Suppose 0 = 273*d - 280*d + 38521. What are the prime factors of d?
5503
Let w be (-1)/(2*5/(-2610)). Let u = w - 105. What are the prime factors of u?
2, 3, 13
Suppose 216384 = 50*z + 34*z. List the prime factors of z.
2, 7, 23
Let x be (-475)/(-10)*8/10. Suppose d - 2*s - 18 = 0, -2*s = 3*d - 8 - x. List the prime factors of (63/28)/(3/d).
2, 3
Suppose -3*z + q = -6*z + 11, 3*z = -2*q + 16. Let i be -7 + 1/z*-2. List the prime factors of 12/i*(-10)/1.
3, 5
Suppose -w = 5*y - 80, 15 + 110 = 2*w + 3*y. Let t = w + -16. What are the prime factors of t?
3, 13
Suppose 0 = -10*f + 4197 + 7703. List the prime factors of f.
2, 5, 7, 17
Let x(q) = -309*q + 164. List the prime factors of x(-12).
2, 11
Suppose 0 = -26*k + 49156 - 8258. What are the prime factors of k?
11, 13
Let w = -905 - -1593. List the prime factors of w.
2, 43
Suppose 0 = 5*m - 2*d - 114, -33 = m - 2*m - 3*d. Let k be (2/6)/(2/m). Suppose 42 = -3*c + k*c. What are the prime factors of c?
2, 3, 7
Let r(b) = 106*b**2 - 2*b - 1. Let z be r(-1). Let l be -77 + 11 - 1/1. Let m = l + z. What are the prime factors of m?
2, 5
Let p = -228 + 615. List the prime factors of p.
3, 43
Suppose 0 = -5*w - 3*w + 1584. Let q = w - 133. What are the prime factors of q?
5, 13
Let v = 4341 - 2578. List the prime factors of v.
41, 43
Suppose -w + 3*w = r - 1907, -4*w + 5731 = 3*r. What are the prime factors of r?
23, 83
Let a = 1360 - 1204. What are the prime factors of a?
2, 3, 13
Let p(g) be the third derivative of -1/3*g**3 + 0*g + 0 + 1/12*g**4 + 1/60*g**5 - 11*g**2. List the prime factors of p(3).
13
Let s = -5125 + 7287. List the prime factors of s.
2, 23, 47
Let q = 17 - 14. Suppose 4*a = 12, q*m + m - 4*a = 1180. What are the prime factors of m?
2, 149
Let h be 1 - (2/(-2) + 0). Let k(i) = -i + 18. Let f be k(-8). Suppose -5*p + 20 = -o - 31, -h*p + f = o. List the prime factors of p.
11
Suppose -2*k - 6*k + 472 = 0. Suppose 3*n = r - k, 4*r = 2*n - 122 + 348. List the prime factors of r.
2, 7
Let q(s) = -7*s - 6. Let z(b) = -b**3 + 10*b**2 + 12*b - 15. Let t be z(11). What are the prime factors of q(t)?
2, 11
Let x(y) = -y**3 - 5*y**2 + 5*y + 8. Let a be x(-6). Let p be 15/35 - (-64)/a. Suppose 0 = l - p*l + 144. What are the prime factors of l?
2, 3
Let n(m) be the third derivative of m**4/3 + m**3 + 5*m**2. Let r be n(8). Let k = -42 + r. List the prime factors of k.
2, 7
Let z(a) = a**3 - 9*a**2 + 9. Let q be z(9). What are the prime factors of -3 - (-1932)/q - 1/(-3)?
2, 53
Let p(f) = -f. Let g be p(-6). Suppose 17 = g*s - 7*s. Let a = 25 + s. What are the prime factors of a?
2
Let m = 1521 + -1415. List the prime factors of m.
2, 53
Let q = -21 + 36. Let n = q - 5. List the prime factors of n.
2, 5
Let c = 4525 + -2640. List the prime factors of c.
5, 13, 29
Suppose 4*b = 4*v + 3296, 3*v = -2*b + 2*v + 1648. List the prime factors of b.
2, 103
Suppose 3*z - 2588 = 2*i - i, -4320 = -5*z + 3*i. What are the prime factors of z?
3, 7, 41
Suppose 0 = -5*g - 671 + 41. Let v = g + 224. List the prime factors of v.
2, 7
Suppose 33 = -l - 2*l. Let c = l + 16. Suppose -7 = c*p - 87. List the prime factors of p.
2
Let p(s) = s**3 - 9*s**2 + 8*s + 2. Let b be p(8). Let t be (-1)/b + (-15)/(-6). Suppose t = -2*k + 30. List the prime factors of k.
2, 7
Let u = 35 + -41. Let z(g) = -g**2 - 2*g + 22. Let t be z(u). What are the prime factors of (0 + t)*29/(-2)?
29
Let n(b) = -10*b - 3. Suppose -4*v - 78 = 2*v. Let m = 10 + v. List the prime factors of n(m).
3
Suppose -4*b + 1560 = -u, 2*b - 4*b = u - 786. List the prime factors of b.
17, 23
Suppose 3*o - 17 = 1102. What are the prime factors of o?
373
Let f(g) = -6*g**2 + 2*g + 7. Let z be f(-4). Let j = z - -161. Suppose 0 = t + 4*x - j, x = t - 61 - 3. What are the prime factors of t?
2
Suppose 29*b = 12312 - 4047. List the prime factors of b.
3, 5, 19
Let t(u) = -3*u**3 - u**2 - u - 1. Let d be t(-2). Let f = d + -6. List the prime factors of (2/2)/(5/f).
3
Let h = 122 + -1058. What are the prime factors of 7/((-70)/(-4)) + h/(-10)?
2, 47
Let k(f) = 137*f**2 + 3*f - 25. What are the prime factors of k(3)?
1217
Suppose 7*l = 9*l - 454. What are the prime factors of l?
227
Let k(r) = -r**3 - 8*r**2 - r + 1. Let x be k(-8). Suppose -x*g - 64 = -11*g. What are the prime factors of g?
2
Suppose -825*n - 9408 = -833*n. What are the prime factors of n?
2, 3, 7
Suppose -51538 = -15*y + 26867. List the prime factors of y.
5227
Let p = 5 + -50. Let i be 4/18 - (-10)/p. Suppose 3 + i = o. List the prime factors of o.
3
Suppose 79 + 433 = 4*j. Let v = -100 + 15. Let x = j + v. What are the prime factors of x?
43
Let v(j) = j**3 - 15*j**2 + 17*j + 14. Suppose 5*k + 5*c = 65, 5 - 3 = -2*c. What are the prime factors of v(k)?
2, 7
Let q be -2 + (132 - (-15)/(-5)). Let t = q + -64. What are the prime factors of t?
3, 7
Let f be ((-48192)/(-20))/8 - (-1)/(-5). List the prime factors of f/3 + (-2)/(-3).
101
Suppose 3*f = 37 - 91. Let n = 12 - f. Suppose 3*k = -0*k + n. What are the prime factors of k?
2, 5
Suppose 2994 = -7*v + 11345. List the prime factors of v.
1193
Let s be (6/10 + -1)*5. Let i be s - (1 - 2 - 2). List the prime factors of i + (2 - 0)/2.
2
Let t(n) = -24*n - 2*n + 14*n - 20. Let f be ((-3)/(-9))/((-3)/63). What are the prime factors of t(f)?
2
List the prime factors of 95/38 + 5972/8.
7, 107
Let z = -359 - -527. Suppose d = 4*d - z. List the prime factors of d.
2, 7
Let l = -75 + 77. Suppose l*k - 73 = -2*u + 5, -5*k = 0. What are the prime factors of u?
3, 13
Suppose 6*l - 8 = 2*l. Suppose 0*o - 20 = -2*o - 5*h, 0 = -2*o + 5*h. Suppose l*j + 5*y + 83 = 5*j, -4*j + o*y = -119. What are the prime factors of j?
2, 3
Suppose 5*t + 2*b = -35, -4*b - 2 + 4 = 2*t. Let o = t - -11. Suppose -o*m + k + 18 = -47, 25 = 5*k. List the prime factors of m.
5, 7
Suppose 0 = 3*a - 4 - 17. Let p = 38 + a. List the prime factors of p.
3, 5
Let u(s) = -26*s - 2 + s**2 - 7*s**2 + 3*s**2 + s**2. List the prime factors of u(-12).
2, 11
Let i be -3 + (-2 - -1)*-47. Suppose 8*a - i = 7*a. What are the prime factors of a?
2, 11
Suppose 14786 = 4*z - 2*s, -3*s + 11103 = -46*z + 49*z. List the prime factors of z.
2, 43
Let o(x) = 2*x**3 - 13*x**2 - 30*x + 27. What are the prime factors of o(13)?
2, 7, 131
Let b = 78 - 73. Suppose -3*f - 3*j = -b*j - 167, -3*j = -4*f + 222. What are the prime factors of f?
3, 19
Let s(u) = 40*u**3 - u + 1. Let x be s(1). Suppose 4*z = -z + x. Let y(i) = 8*i - 10. List the prime factors of y(z).
2, 3
Suppose 0 = m + 2*l - 5, -3*m + 0*l - 3*l = -15. Suppose -w + 1 + 6 = 2*k, -3*w = -2*k - m. Suppose -18 = -w*h + 2*h. List the prime factors of h.
2, 3
Let c(n) = 96*n + 188. What are the prime factors of c(17)?
2, 5, 7, 13
Let v be 1 + -2 - (9 - 68). Suppose 3*g = v + 38. List the prime factors of g.
2
Suppose q + p = 255, -2*q + 7*p - 11*p + 512 = 0. List the prime factors of q.
2, 127
Suppose 0 = 2*l - 504 - 540. List the prime factors 